et r be s(11). What is the greatest common factor of r and 3?
3
Let v(w) = -w**3 - 5*w**2 + 8*w + 8. Let m be v(-6). Let p be (m - 0)/(1/4). Let s = p + 26. What is the highest common factor of 40 and s?
10
Suppose -5 = -0*t + 5*t. Let m(i) = -10*i**3 - i**2 - i + 1. Let w be m(t). Calculate the highest common factor of w and 11.
11
Let n be 70/(6 - (5 - 0)). Let y = 50 + -22. Calculate the highest common factor of y and n.
14
Let t be (-22)/286 + (-7021)/(-13). Calculate the greatest common divisor of 240 and t.
60
Suppose -838*r = -840*r + 100. Calculate the greatest common divisor of r and 4.
2
Let w = 124 - 84. Let d be (1*-1)/((-3)/(18 + -3)). What is the greatest common factor of w and d?
5
Suppose 40 + 10 = 5*x. Let o be 6/30 + 796/20. What is the greatest common factor of o and x?
10
Let m = -45 - -45. Suppose g + 5*f - 23 = m, 0 = 2*g + f - 36 - 19. Calculate the highest common divisor of g and 112.
28
Suppose 15*a = 39 - 9. What is the highest common factor of a and 54?
2
Let i = -42 - -46. Suppose i + 12 = a. What is the greatest common divisor of 80 and a?
16
Let y be 6 - ((-2)/3 - 10/3). Let k = 41 + 29. Calculate the greatest common divisor of y and k.
10
Let p(b) = 4*b + 32. Let z be p(-7). Suppose -29 = z*s - 77. What is the greatest common factor of s and 8?
4
Suppose 9 - 4 = y. Suppose 2*a + y*a = 266. What is the highest common factor of 190 and a?
38
Let x = 55 - 51. Suppose 5*p - 72 = x*s, 2*s = 5*s + 9. What is the highest common divisor of p and 18?
6
Let f be 2/16 - 6190200/(-1600). What is the greatest common factor of f and 73?
73
Let b(n) = -n - 4. Let o be b(-9). Let k(q) = 0*q + o + 7 + 0 - 2*q. Let i be k(-5). Calculate the highest common factor of i and 33.
11
Let z be (-3 + -3)/2 + 3. Suppose g + 5 = -z*g. Let d be (12/10)/(g/(-75)). Calculate the greatest common divisor of d and 54.
18
Suppose 0 = 20*r - 127 - 293. Let z = -184 + 415. What is the highest common factor of z and r?
21
Suppose s - 4*w + 203 = 0, 5*s - 3*w = -2*w - 1091. Let z = -145 - s. Let i be (z/3)/(42/63). What is the greatest common factor of i and 185?
37
Let h be (-13 - (-915)/21) + 4/(-7). Calculate the greatest common factor of h and 42.
6
Let v = 667 + -557. Let o be (20/6)/(1/3). Calculate the greatest common divisor of v and o.
10
Let u(b) = b**3 + 7*b**2 + 200*b + 1221. Let k be u(-6). Let q be (-908)/(-4) + -1 + 2. What is the greatest common factor of k and q?
57
Let j be ((-948)/711)/((-2)/24). Let w = 1 + 2. Suppose n + 4*y = 32, w - 67 = -2*n + 5*y. Calculate the highest common factor of n and j.
16
Let w = 65 + 61. Calculate the highest common divisor of w and 315.
63
Let k be (1 + (-1)/2)*(-14 + 0). Let n(q) = q**2 + 5*q + 1. Let y be n(k). What is the greatest common divisor of y and 45?
15
Let m = 1370 + -1362. Let x(g) = g**3 + 3*g**2 - 2. Let i be x(-2). Suppose d = -t + 2, -i*t + 5*d + 14 = -4. What is the greatest common factor of m and t?
4
Suppose -22*u - 40 = -26*u. Calculate the highest common factor of 120 and u.
10
Let g be (-10)/(-65) - ((-654)/(-26) - 2). Let j(c) = -c**2 - 25*c - 26. Let p be j(g). Let y = 34 - -106. What is the highest common divisor of p and y?
20
Let b be (4/12)/(4/72). Suppose -5*y = 5*k - 120, -3*y + b*y = k - 4. Suppose -3*m - 5*q = 8, -5*q = m + k - 3. What is the highest common divisor of m and 1?
1
Let i = -38 + 200. Suppose l + 4*v + 16 = 99, -2*l + i = 4*v. Suppose -l = -4*s + 97. Calculate the greatest common divisor of 4 and s.
4
Let u be 88/(-14) - (-10)/35. Let t = u - -11. Suppose 648 = 2*r + 3*n, -t*r + 1646 = -n + 2*n. Calculate the greatest common factor of r and 33.
33
Suppose f - 3*o + 71 = 0, 2*o + 3 - 13 = 0. Let a = f + -37. Let t = 141 + a. What is the highest common divisor of t and 6?
6
Let m = 73 - 52. Suppose 3*l + 2*i - 162 + 42 = 0, 3*i + 51 = l. What is the highest common divisor of l and m?
21
Let a be -3 - (-1 - 1) - (-4)/2. Let o = a - -16. Let v be 1/(-4) + (-1226)/(-8). What is the highest common factor of v and o?
17
Suppose -10 = 16*s - 122. What is the greatest common divisor of 7 and s?
7
Let c(v) = v**2 + 21. Let s be c(0). Let i(u) = 21*u + 42. Let q = -7 + 13. Let h be i(q). Calculate the highest common divisor of h and s.
21
Suppose 676 = -33*q + 46*q. What is the greatest common divisor of q and 104?
52
Let c(t) = -t**3 - 7*t**2 + 7*t - 6. Let s be c(-8). Suppose -7*w + 4*a + 696 = -s*w, 699 = 5*w - a. What is the greatest common factor of 14 and w?
14
Let a(k) = -k**3 + 11*k**2 - 10*k - 6. Let j be a(9). Let p = -48 + j. Suppose 2*h = d - 53, 0 = 4*h - 3 + 19. Calculate the highest common divisor of d and p.
9
Suppose 4*q - 49 = -3*z, -1 = -4*z + 2*q + 35. Suppose -6*p = -z - 55. Calculate the greatest common factor of p and 22.
11
Let d(g) = -3*g + 0*g - 6*g - 5*g - 28. Let b be d(-13). What is the highest common divisor of 14 and b?
14
Let j(v) = 59*v**3 - 5*v**2 + 8*v - 6. Let w be j(2). Calculate the highest common divisor of 198 and w.
66
Suppose f - 2*n - 260 = 0, 0 = 8*f - 9*f + 3*n + 259. Calculate the highest common divisor of f and 131.
131
Let n(g) = -g + 2. Let v(y) = -1. Let h(s) = -3*n(s) - 8*v(s). Let p be h(1). Let x = p + 7. What is the highest common divisor of x and 48?
12
Suppose 0 = 2*n + n + 4*d - 52, 0 = -n - 4*d + 28. Let m(c) = 4*c**2 + 11*c + 18. Let p be m(0). Calculate the highest common factor of p and n.
6
Suppose 20 = -3*a + 56. Let x = 177 - 93. What is the highest common factor of a and x?
12
Let o(d) = -7 + 15*d - 4*d**2 - 3*d**2 - 5*d**2 + 9*d**2. Let t be o(4). What is the highest common divisor of t and 50?
5
Suppose 0 = 2*k - 4*n - 36, k - n - 16 = 1. Let l(o) = -45 + o**2 + k + 2*o + 16. Let b be l(-7). Calculate the greatest common factor of b and 2.
2
Suppose 104 = 5*d + 5*o - 81, 2*d - 65 = 7*o. Let h = -19 + 28. Calculate the greatest common factor of h and d.
9
Let c(l) = -28*l + 128. Let h be c(-9). Calculate the greatest common divisor of 180 and h.
20
Suppose -6*w + 15 = -w. Suppose -450 = -3*j - w*j. Suppose 2*d - 5 = 3*d + 5*s, 11 = d + s. Calculate the highest common divisor of d and j.
15
Let x be (-17*31)/((-7 + 11)/(-4)). What is the greatest common factor of 62 and x?
31
Let u(x) = -4*x + 1. Let h be u(-5). Suppose 14*y - h = 11*y. Suppose 0 = -y*a + 2*a + 840. Calculate the greatest common factor of 24 and a.
24
Suppose -2*d = -5*h + 407, 20 + 228 = 3*h - 5*d. Calculate the highest common factor of h and 81.
81
Let m = -413 + 449. What is the highest common divisor of m and 81?
9
Let m = -5 - -13. Suppose -38 + 36 = 2*a, -4*a = -5*d + 204. Calculate the highest common factor of m and d.
8
Let r(l) = -l**2 - 8*l - 12. Let f be r(-6). Let b be (12/(-8))/((f - 2)/4). Calculate the highest common factor of 3 and b.
3
Suppose -3*m + 139 = 2*j, -4*j - m + 253 = -0*j. Suppose j*w = 68*w - 264. Calculate the greatest common factor of 11 and w.
11
Let b = 302 + -22. What is the highest common factor of b and 40?
40
Suppose -3*w + 21 = -2*u - 3, 41 = -5*u - 2*w. Let r be u/3 + (-32)/(-4). Suppose 5 = r*d - 50. What is the greatest common factor of d and 1?
1
Suppose 106 = 4*c + 18. Suppose -2*g + 22 = -0. What is the highest common factor of g and c?
11
Let w = 22 + 90. Let t be (-2)/6 + 264/(-18). Let s = t + 31. What is the greatest common divisor of w and s?
16
Let h be 8/32 + 9/(-4). Let l be h - -54 - (1 - 5). Let m = l - 33. Calculate the greatest common factor of m and 184.
23
Suppose l - v = -0*l + 9, -3*l = 2*v - 2. Calculate the highest common divisor of 14 and l.
2
Suppose -3*u + 17 = 26*q - 21*q, 2*u - 8 = -5*q. What is the highest common factor of u and 243?
9
Let d(p) = p - 1. Let k be d(5). Suppose -j + 66 = 2*x, -276 = -0*j - k*j - 2*x. What is the greatest common divisor of 10 and j?
10
Suppose 0 = -j - b - 8, -3*j = -5*b - 6 - 2. Let v = j + 13. Let m be ((-1)/3)/((-3)/v). What is the highest common divisor of m and 7?
1
Let d(v) = -v**3 - 6*v**2 + 7*v + 4. Let t be d(-7). Let x be 10/2*(4 - -3). Suppose -2*l = -x - 5. Calculate the greatest common divisor of t and l.
4
Suppose 3*t - 28 + 10 = 0. Let i be 22/t - (-2)/(-3). Calculate the highest common divisor of 2 and i.
1
Let v be 7/14*3*2. Suppose 0 = 2*s - 3*s + 5. Suppose 4*d + 0*u - 4*u = 380, v*d - 283 = s*u. What is the great